{"id":6,"date":"2016-09-27T18:05:15","date_gmt":"2016-09-27T16:05:15","guid":{"rendered":"http:\/\/www.theatre-alsacien-strasbourg.eu\/?page_id=6"},"modified":"2017-10-23T18:08:26","modified_gmt":"2017-10-23T16:08:26","slug":"theatre-alsacien-strasbourg","status":"publish","type":"page","link":"https:\/\/www.theatre-alsacien-strasbourg.eu\/","title":{"rendered":"Theatre Alsacien Strasbourg"},"content":{"rendered":"<h2>Pr\u00e9sentation du Th\u00e9\u00e2tre Alsacien de Strasbourg\u00a0<img loading=\"lazy\" class=\"alignright size-medium wp-image-11\" src=\"https:\/\/www.theatre-alsacien-strasbourg.eu\/wp-content\/uploads\/2016\/09\/15-1.jpeg-300x125.jpg\" alt=\"15-1.jpeg\" width=\"300\" height=\"125\" srcset=\"https:\/\/www.theatre-alsacien-strasbourg.eu\/wp-content\/uploads\/2016\/09\/15-1.jpeg-300x125.jpg 300w, https:\/\/www.theatre-alsacien-strasbourg.eu\/wp-content\/uploads\/2016\/09\/15-1.jpeg.jpg 347w\" sizes=\"(max-width: 300px) 100vw, 300px\" \/><\/h2>\n<p>Vieux de plus de 115 ans, le th\u00e9\u00e2tre Alsacien de Strasbourg a accueilli plusieurs repr\u00e9sentations th\u00e9\u00e2trales. Ces repr\u00e9sentations peuvent \u00eatre class\u00e9es en plusieurs genres : les ambulants, les th\u00e9\u00e2tres en plein air aux sujets profanes, les sujets \u00e0 tendance carnavalesque ou moralisatrice. Le th\u00e9\u00e2tre fut marqu\u00e9 dans la premi\u00e8re moiti\u00e9 du 16e si\u00e8cle par les pi\u00e8ces \u00e0 succ\u00e8s de Georges Wikram, notamment \u00ab\u00a0die Zehen Alter der Welt 1531\u00a0\u00bb. Ce th\u00e9\u00e2tre fut cr\u00e9\u00e9 par un groupe de personnalit\u00e9s alsaciennes le 2 octobre 1898, dans l&rsquo;optique de promouvoir les traditions alsaciennes et son dialecte. L&rsquo;objectif de ce th\u00e9\u00e2tre \u00e9tait d&rsquo;offrir au public des pi\u00e8ces de qualit\u00e9 dans le dialecte r\u00e9gional. Les cofondateurs de ce th\u00e9\u00e2tre furent Gustave Stoskopf, Karl Hauss, Julius Greber et Ferdinand Bastian. Le th\u00e9\u00e2tre fut interdit sous l&rsquo;occupation allemande. Cependant, des associations d&rsquo;amateurs y prest\u00e8rent une trentaine de repr\u00e9sentations. Le th\u00e9\u00e2tre Alsacien de Strasbourg accueille chaque saison pr\u00e8s de 20 000 spectateurs. Ce th\u00e9\u00e2tre poss\u00e8de un r\u00e9pertoire tr\u00e8s vari\u00e9. Ainsi, vous y trouverez des com\u00e9dies, des contes de No\u00ebl, des pi\u00e8ces historiques, des drames et bien plus encore. Il est compos\u00e9 de pr\u00e8s de 60 membres et est dirig\u00e9 par un pr\u00e9sident.<\/p>\n<h2>Informations g\u00e9n\u00e9rales sur le d\u00e9m\u00e9nagement<\/h2>\n<p>Apr\u00e8s avoir d\u00e9m\u00e9nag\u00e9, il est conseill\u00e9 de faire un constat des biens qui ont \u00e9t\u00e9 transport\u00e9s. Ainsi, vous pourrez solliciter aupr\u00e8s de votre <a href=\"http:\/\/demenageur.com\">demenageur<\/a> , le remboursement des objets qui ont \u00e9t\u00e9 perdus ou endommag\u00e9s durant le d\u00e9m\u00e9nagement. On vous assurera un remboursement effectif de vos biens. Le <a href=\"http:\/\/demenageur.com\/devis-demenagement\/\">devis demenagement<\/a> que nous vous proposons laisse entrevoir le tarif d\u00e9taill\u00e9 de toutes nos prestations. Nous n&rsquo;avons pas de tarifs cach\u00e9s et sommes \u00e0 votre enti\u00e8re disposition. Notre \u00e9quipe de professionnels vous accompagnera tout au long de votre processus de <a href=\"http:\/\/demenageur.com\/demenagement\/\">demenagement<\/a> , m\u00eame lors de vos diff\u00e9rentes d\u00e9marches administratives. Nous vous fournirons aussi, en fonction de votre formule, tous les services dont vous avez besoin (carton de d\u00e9m\u00e9nagement, emballage, ruban adh\u00e9sif et bien plus encore). Apr\u00e8s avoir emm\u00e9nag\u00e9 dans votre nouvelle demeure, n&rsquo;oubliez pas par exemple de faire inscrire votre nouvelle adresse sur le certificat d&rsquo;immatriculation, de vous faire enregistrer aupr\u00e8s de la pr\u00e9fecture si vous avez chang\u00e9 de d\u00e9partement et bien plus encore. utilisez un\u00a0.<\/p>\n<p>Demenagement Paris : <a href=\"http:\/\/demenageur.com\/demenagement-paris-75\/\">demenageur.com\/demenagement-paris-75\/<\/a><\/p>\n<h2>Informations g\u00e9n\u00e9rales sur l&rsquo;assurance vie<\/h2>\n<p>L&rsquo; <a href=\"http:\/\/lassurancevie.fr\">assurance vie<\/a> est un investissement \u00e0 moyen ou \u00e0 long terme qui peut \u00eatre \u00e0 la fois un compl\u00e9ment de retraite et\/ou une transmission du patrimoine. Elle s&rsquo;adapte en finesse \u00e0 tous vos projets et vous prot\u00e8ge, tout comme vos proches tout au long de votre vie. Vous investissez alors dans des supports diversifi\u00e9s tels que des actions, des obligations, dans le support objectif programm\u00e9 ou dans le support en euros du contrat. L&rsquo;assurance vie vous permet aussi de constituer progressivement un capital ou bien de valoriser le capital existant. Vous avez ainsi la possibilit\u00e9 d&rsquo;envisager votre avenir et celui de vos proches avec plus de s\u00e9r\u00e9nit\u00e9. L&rsquo;assurance vie est donc un contrat d&rsquo;\u00e9pargne sign\u00e9 entre vous et l&rsquo;assureur, au terme duquel vous lui confiez votre argent pour qu&rsquo;il le fructifie. Il s&rsquo;agit l\u00e0 d&rsquo;un placement dont la dur\u00e9e de vie d\u00e9pend int\u00e9gralement de vous. C&rsquo;est un contrat selon lequel l&rsquo;\u00e9pargne de pr\u00e9caution est privil\u00e9gi\u00e9e. Les versements sont libres et illimit\u00e9s et vous avez la possibilit\u00e9 d&rsquo;effectuer ais\u00e9ment des retraits programm\u00e9s ou partiels, voire des avances.<\/p>\n<h2>Informations g\u00e9n\u00e9rales sur les visas pour l&rsquo;\u00e9tranger<\/h2>\n<p>Obtenir un visa pour l&rsquo;\u00e9tranger est une chose qui demande beaucoup de patientes et de temps. Par ailleurs, vous devez vous y prendre assez t\u00f4t, car ce n&rsquo;est pas \u00e0 la derni\u00e8re minute que vous constituerez votre dossier de demande de visa. Avant de constituer votre dossier de demande de visa, vous devez vous rassurer que votre pays ne figure pas parmi les pays exempt\u00e9s de visas pour le pays dans lequel vous souhaitez vous rendre. Si votre pays y figure, cela signifie que vous n&rsquo;avez pas besoin de visa pour vous y rendre. Vous devez donc dans ce cas vous munir juste de votre carte d&rsquo;identit\u00e9 ou de votre passeport. Si votre pays n&rsquo;y figure pas, cela veut tout simplement dire que vous devez obligatoirement avoir un visa avant de vous y rendre. Pour obtenir un visa, vous devez vous y prendre assez t\u00f4t, car l&rsquo;obtention de certains documents n\u00e9cessite du temps. Concernant les documents \u00e0 fournir, tout d\u00e9pendra du motif de votre voyage. La repr\u00e9sentation diplomatique du pays que vous souhaitez visiter est la plus apte \u00e0 vous fournir toutes les informations n\u00e9cessaires pour une demande effective de visa. Ainsi, que vous souhaitez avoir un <a href=\"http:\/\/visachine.fr\">visa chine<\/a> , rendez-vous aupr\u00e8s des repr\u00e9sentations diplomatiques de chacun de ces pays pour avoir plus d&rsquo;informations.<\/p>\n<h2>Informations g\u00e9n\u00e9rales sur les croisi\u00e8res<\/h2>\n<p>Partir en croisiere est souvent une excellente alternative aux voyages ou aux vacances classiques que vous avez souvent l&rsquo;habitude d&rsquo;effectuer. Quelle que soit la destination que vous souhaitez visiter, vous trouverez sans trop vous prendre la t\u00eate une agence qui propose des croisi\u00e8res pour votre destination. Si vous \u00eates soumis \u00e0 l&rsquo;obligation de visa, ce n&rsquo;est pas un probl\u00e8me, car ces agences poss\u00e8dent souvent des services qui s&rsquo;occupent des demandes de visa de leur passager. Vous recevrez quelques jours avant le d\u00e9part de votre navire, tous les documents dont vous avez besoin pour une croisi\u00e8re inoubliable.<\/p>\n<p class=\"p1\">\n","protected":false},"excerpt":{"rendered":"<p>Pr\u00e9sentation du Th\u00e9\u00e2tre Alsacien de Strasbourg\u00a0 Vieux de plus de 115 ans, le th\u00e9\u00e2tre Alsacien de Strasbourg a accueilli plusieurs repr\u00e9sentations th\u00e9\u00e2trales. Ces repr\u00e9sentations peuvent \u00eatre class\u00e9es en plusieurs genres : les ambulants, les th\u00e9\u00e2tres en plein air aux sujets profanes, les sujets \u00e0 tendance carnavalesque ou moralisatrice. Le th\u00e9\u00e2tre fut marqu\u00e9 dans la premi\u00e8re [&hellip;]<\/p>\n","protected":false},"author":1,"featured_media":0,"parent":0,"menu_order":0,"comment_status":"closed","ping_status":"closed","template":"","meta":[],"_links":{"self":[{"href":"https:\/\/www.theatre-alsacien-strasbourg.eu\/index.php\/wp-json\/wp\/v2\/pages\/6"}],"collection":[{"href":"https:\/\/www.theatre-alsacien-strasbourg.eu\/index.php\/wp-json\/wp\/v2\/pages"}],"about":[{"href":"https:\/\/www.theatre-alsacien-strasbourg.eu\/index.php\/wp-json\/wp\/v2\/types\/page"}],"author":[{"embeddable":true,"href":"https:\/\/www.theatre-alsacien-strasbourg.eu\/index.php\/wp-json\/wp\/v2\/users\/1"}],"replies":[{"embeddable":true,"href":"https:\/\/www.theatre-alsacien-strasbourg.eu\/index.php\/wp-json\/wp\/v2\/comments?post=6"}],"version-history":[{"count":5,"href":"https:\/\/www.theatre-alsacien-strasbourg.eu\/index.php\/wp-json\/wp\/v2\/pages\/6\/revisions"}],"predecessor-version":[{"id":15,"href":"https:\/\/www.theatre-alsacien-strasbourg.eu\/index.php\/wp-json\/wp\/v2\/pages\/6\/revisions\/15"}],"wp:attachment":[{"href":"https:\/\/www.theatre-alsacien-strasbourg.eu\/index.php\/wp-json\/wp\/v2\/media?parent=6"}],"curies":[{"name":"wp","href":"https:\/\/api.w.org\/{rel}","templated":true}]}}